2215351?
False
Is 9 a factor of 197255?
False
Is 45423 a multiple of 25?
False
Does 104 divide 341591?
False
Is 8 a factor of 214833?
False
Is 618858 a multiple of 4?
False
Does 225 divide 2229075?
True
Is 27 a factor of 556029?
False
Does 18 divide 144486?
True
Is 444 a factor of 213120?
True
Does 48 divide 207504?
True
Does 81 divide 514674?
True
Is 136080 a multiple of 18?
True
Is 8638101 a multiple of 193?
True
Does 43 divide 1648321?
False
Does 70 divide 35560?
True
Does 82 divide 2034584?
True
Does 38 divide 139253?
False
Is 177 a factor of 6245799?
True
Is 49 a factor of 361473?
True
Is 94 a factor of 547160?
False
Does 2 divide 6936?
True
Does 19 divide 337628?
False
Is 15048 a multiple of 171?
True
Is 2499900 a multiple of 65?
True
Does 179 divide 21921772?
True
Is 8746892 a multiple of 77?
True
Does 18 divide 58396?
False
Is 104733 a multiple of 243?
True
Is 9270780 a multiple of 915?
True
Does 262 divide 2683404?
True
Is 68 a factor of 424082?
False
Is 26 a factor of 1042358?
False
Is 91 a factor of 7204106?
True
Does 529 divide 3049685?
True
Does 822 divide 2893087?
False
Is 6584571 a multiple of 567?
True
Is 1127412 a multiple of 572?
True
Does 12 divide 57493?
False
Does 17 divide 174947?
True
Does 11 divide 557353?
False
Is 2996608 a multiple of 16?
True
Does 207 divide 108863?
False
Is 55538 a multiple of 2?
True
Does 93 divide 1575279?
False
Is 7502352 a multiple of 208?
True
Is 851 a factor of 6098212?
False
Is 211 a factor of 84460?
False
Does 11 divide 1104?
False
Does 72 divide 25959312?
True
Does 27 divide 872100?
True
Is 7261560 a multiple of 23?
True
Does 253 divide 351344?
False
Is 29355 a multiple of 2?
False
Is 113049 a multiple of 30?
False
Is 67 a factor of 2445098?
True
Does 113 divide 2407239?
True
Does 17 divide 216522?
False
Is 44 a factor of 4267868?
True
Does 77 divide 1005349?
False
Does 1171 divide 12557804?
True
Is 16 a factor of 107856?
True
Is 2326910 a multiple of 29?
False
Is 24 a factor of 1335417?
False
Does 13 divide 80628?
False
Is 45 a factor of 173825?
False
Does 122 divide 1663573?
False
Is 307500 a multiple of 1025?
True
Is 266 a factor of 1698410?
True
Does 843 divide 247381?
False
Is 2603380 a multiple of 170?
True
Is 21760 a multiple of 5?
True
Does 18 divide 40860?
True
Is 69160 a multiple of 104?
True
Does 11 divide 22979603?
False
Is 691756 a multiple of 251?
True
Does 54 divide 420663?
False
Does 36 divide 105552?
True
Does 15 divide 460239?
False
Is 19 a factor of 567220?
False
Does 22 divide 656128?
True
Is 120 a factor of 141978?
False
Is 334800 a multiple of 15?
True
Is 93 a factor of 1053693?
False
Does 100 divide 466902?
False
Is 122 a factor of 47702?
True
Does 38 divide 49526?
False
Does 1260 divide 4024423?
False
Is 854768 a multiple of 8?
True
Does 104 divide 120536?
True
Is 1596832 a multiple of 359?
True
Is 326303 a multiple of 13?
False
Is 104504 a multiple of 8?
True
Is 657934 a multiple of 9?
False
Does 190 divide 1139430?
True
Is 1600017 a multiple of 87?
True
Is 15 a factor of 3855?
True
Is 157689 a multiple of 181?
False
Does 29 divide 961392?
False
Is 219954 a multiple of 14?
True
Does 79 divide 729559?
False
Is 108 a factor of 321141?
False
Does 19 divide 1037830?
False
Is 44720 a multiple of 13?
True
Is 51 a factor of 316404?
True
Does 412 divide 2549868?
True
Does 126 divide 70434?
True
Does 342 divide 10841058?
True
Is 1026432 a multiple of 729?
True
Does 140 divide 338318?
False
Is 58849 a multiple of 162?
False
Does 20 divide 575803?
False
Does 184 divide 11603776?
True
Does 17 divide 180107?
False
Does 70 divide 87850?
True
Does 63 divide 22001255?
False
Is 100705 a multiple of 5?
True
Does 9 divide 135140?
False
Does 35 divide 24081575?
True
Is 3037603 a multiple of 15?
False
Does 623 divide 2747491?
False
Does 56 divide 3639885?
False
Does 321 divide 2536542?
True
Is 8 a factor of 359248?
True
Is 27 a factor of 13525677?
True
Does 12 divide 31740?
True
Does 16 divide 407197?
False
Does 349 divide 82412?
False
Does 226 divide 77404?
False
Is 250 a factor of 1811500?
True
Is 154 a factor of 477259?
False
Is 31 a factor of 229710?
True
Does 27 divide 434051?
False
Does 8 divide 8512183?
False
Does 21 divide 4242?
True
Is 215 a factor of 665640?
True
Is 349 a factor of 3963233?
False
Is 11386315 a multiple of 32?
False
Is 125500 a multiple of 20?
True
Does 145 divide 100050?
True
Does 194 divide 7971654?
True
Is 266 a factor of 104206?
False
Is 4539548 a multiple of 13?
True
Is 13 a factor of 376879?
False
Is 8074544 a multiple of 18?
False
Is 125079 a multiple of 98?
False
Is 13 a factor of 300690?
True
Is 63320 a multiple of 36?
False
Does 501 divide 407612?
False
Is 8 a factor of 1165456?
True
Does 10 divide 7804046?
False
Is 10 a factor of 2835463?
False
Is 86615 a multiple of 85?
True
Is 98 a factor of 318010?
True
Is 8 a factor of 82096?
True
Is 91224 a multiple of 7?
True
Is 24 a factor of 439944?
True
Is 43 a factor of 136661?
False
Is 89129 a multiple of 135?
False
Is 75 a factor of 2815950?
True
Is 26 a factor of 653978?
True
Is 319 a factor of 261261?
True
Is 1010 a factor of 1944572?
False
Is 70 a factor of 4238010?
True
Does 9 divide 149608?
False
Does 204 divide 80376?
True
Does 31 divide 301847?
True
Is 18 a factor of 5377277?
False
Does 150 divide 1055497?
False
Is 48080 a multiple of 12?
False
Is 160 a factor of 191840?
True
Does 116 divide 122728?
True
Is 202 a factor of 264418?
True
Is 14 a factor of 5413?
False
Does 141 divide 676216?
False
Is 43743 a multiple of 21?
True
Does 183 divide 603900?
True
Is 298270 a multiple of 35?
True
Is 1990578 a multiple of 622?
False
Is 127 a factor of 228346?
True
Is 12822013 a multiple of 19?
False
Does 27 divide 90396?
True
Is 385864 a multiple of 59?
False
Does 9 divide 13318281?
True
Does 42 divide 305508?
True
Is 20 a factor of 46234?
False
Does 7 divide 170100?
True
Is 355 a factor of 77087?
False
Is 2664 a multiple of 99?
False
Does 92 divide 14929966?
False
Is 74752 a multiple of 3?
False
Is 76526 a multiple of 3?
False
Is 112 a factor of 1076992?
True
Is 1179296 a multiple of 548?
True
Is 382230 a multiple of 30?
True
Is 9530925 a multiple of 20?
False
Is 5 a factor of 234447?
False
Is 27 a factor of 50655?
False
Is 267 a factor of 166074?
True
Is 82650 a multiple of 50?
True
Is 6 a factor of 12143874?
True
Is 289 a factor of 76874?
True
Does 7 divide 115094?
True
Is 222606 a multiple of 26?
False
Is 10 a factor of 755050?
True
Does 6 divide 3391300?
False
Does 42 divide 37250?
False
Is 83640 a multiple of 615?
True
Is 3103 a multiple of 9?
False
Does 50 divide 6206250?
True
Is 3733596 a multiple of 10?
False
Is 353 a factor of 1886562?
False
Is 10 a factor of 154142?
False
Is 30 a factor of 77040?
True
Does 10 divide 7568384?
False
Is 2954152 a multiple of 187?
False
Is 906984 a multiple of 702?
True
Is 569052 a multiple of 22?
True
Is 457620 a multiple of 174?
True
Is 66976 a multiple of 182?
True
Is 21 a factor of 18942?
True
Does 6 divide 5224020?
True
Is 455 a factor of 12109996?
False
Does 2500 divide 19542500?
True
Does 13 divide 4311892?
True
Is 50 a factor of 84612?
False
Does 345 divide 455858?
False
Is 333 a factor of 132033?
False
Is 12801 a multiple of 3?
True
Is 569 a factor of 1291061?
True
Is 950745 a multiple of 15?
True
Does 4 divide 106225?
False
Is 1188899 a multiple of 177?
False
Is 21 a factor of 126998?
False
Is 18 a factor of 3631636?
False
Is 37 a factor of 5899906?
False
Is 72174 a multiple of 69?
True
Is 1376219 a multiple of 12?
False
Does 63 divide 66654?
True
Does 110 divide 677820?
True
Is 94117 a multiple of 120?
False
Is 478 a factor of 4830190?
True
Does 72 divide 1322856?
True
Does 49 divide 35476?
True
Is 742616 a multiple of 13?
False
Is 132 a factor of 4263630?
False
Does 13 divide 836628?
True
Is 15 a factor of 596145?
True
Is 3 a factor of 94307?
False
Is 253 a factor of 104682?
False
Is 801 a factor of 9236960?
False
Does 30 divide 347040?
True
Is 3 a factor of 15636?
True
Is 877 a factor of 3428792?
False
Is 414777 a multiple of 33?
True
Does 3 divide 975225?
True
Does 10 divide 155914?
False
Does 22 divide 40142?
False
Is 12 a factor of 4331040?
True
Is 18 a factor of 1333565?
False
Does 3 divide 100422?
True
Is 2254 a multiple of 12?
False
Is 70 a fact